me?
False
Is 405531583 composite?
True
Is 456157307 a composite number?
True
Is 5648267041 prime?
False
Is 675368399 a prime number?
True
Is 2142142162 a prime number?
False
Is 22876361251 a composite number?
False
Is 29439246549 a composite number?
True
Is 148001151817 prime?
True
Is 498353599 composite?
True
Is 211291583 composite?
True
Is 462958051 composite?
False
Is 2904034123 prime?
False
Is 13545761729 a composite number?
True
Is 31858696113 a composite number?
True
Is 64157751278 composite?
True
Is 4861792901 prime?
False
Is 7864832141 a composite number?
False
Is 11348862073 a prime number?
True
Is 1103239211 a prime number?
True
Is 180609013933 a composite number?
True
Is 2389790357 a composite number?
False
Is 14968990447 a composite number?
True
Is 7945160689 composite?
False
Is 384155309 a composite number?
False
Is 13702421947 prime?
True
Is 8086198361 prime?
False
Is 3820911841 a composite number?
True
Is 2461371593 a prime number?
False
Is 10179101081 composite?
False
Is 117788211109 prime?
False
Is 670417589 a composite number?
True
Is 1415721163 a composite number?
False
Is 5932682809 a prime number?
True
Is 387930283 a prime number?
False
Is 2894131451 a prime number?
True
Is 5929069999 a composite number?
True
Is 214472579 prime?
True
Is 1089003373 prime?
False
Is 4598362219 a prime number?
False
Is 349897153 composite?
True
Is 3985995941 a composite number?
False
Is 4187684051 a composite number?
False
Is 1683530551 prime?
True
Is 1383348149 prime?
True
Is 218387779951 a composite number?
True
Is 1570051573 a prime number?
False
Is 41848619 prime?
True
Is 25621070527 composite?
True
Is 212784472943 prime?
False
Is 67444903 prime?
True
Is 417003407 prime?
True
Is 102139813081 a prime number?
True
Is 5927764363 prime?
True
Is 149537453167 prime?
False
Is 2089865477 a composite number?
True
Is 13397741197 composite?
False
Is 838229597 composite?
False
Is 45766913 prime?
False
Is 20413895141 a composite number?
False
Is 1414364569 composite?
False
Is 57115253443 a composite number?
False
Is 5234606129 a prime number?
True
Is 2012866717 prime?
True
Is 16845784549 prime?
False
Is 1780856479 a prime number?
False
Is 1338573077 prime?
False
Is 28185617311 prime?
True
Is 46076164007 a composite number?
True
Is 24615841729 prime?
False
Is 1291069271 composite?
True
Is 132396917 prime?
True
Is 24169959629 a prime number?
True
Is 88642841 a composite number?
True
Is 110278559 a composite number?
False
Is 304065469 composite?
False
Is 26426610659 a prime number?
True
Is 987178063 composite?
False
Is 1041216037 prime?
False
Is 167598461 composite?
True
Is 167186749 a composite number?
False
Is 698866979 a prime number?
False
Is 3652741171 prime?
False
Is 6854232041 a composite number?
True
Is 368943515 composite?
True
Is 141548027 composite?
False
Is 1516655249 prime?
True
Is 9749900029 a composite number?
False
Is 650561917 prime?
False
Is 188935289 prime?
True
Is 41867053177 a composite number?
True
Is 244613497669 composite?
True
Is 6020560113 a prime number?
False
Is 3360207311 prime?
False
Is 14212374469 a prime number?
True
Is 148641650279 composite?
True
Is 29538407497 a composite number?
False
Is 595199083 composite?
True
Is 1572889399 composite?
True
Is 1444610053 a composite number?
True
Is 28306573619 a composite number?
True
Is 10593711997 composite?
True
Is 1243546771 composite?
True
Is 5503740751 prime?
True
Is 2308952573 a composite number?
False
Is 1315423457 a prime number?
True
Is 19351930511 composite?
False
Is 67900582054 prime?
False
Is 3551406479 composite?
True
Is 1548305681 composite?
True
Is 137563916791 composite?
True
Is 22678585103 prime?
True
Is 82559621 a composite number?
True
Is 48993014261 prime?
True
Is 345016579171 prime?
False
Is 11404563509 a prime number?
False
Is 76019351 a prime number?
False
Is 7197684547 prime?
True
Is 39358028599 composite?
True
Is 565657979 prime?
True
Is 162459991 a prime number?
True
Is 9684602761 a composite number?
False
Is 1360260521 composite?
True
Is 716410307 composite?
False
Is 30905673979 prime?
False
Is 191094611 a prime number?
False
Is 2082415603 a prime number?
False
Is 17706955567 prime?
False
Is 1944903934 prime?
False
Is 11268912227 a composite number?
True
Is 232548558839 a prime number?
True
Is 386261489 a composite number?
False
Is 2782116761 composite?
False
Is 24255447061 prime?
True
Is 7793425231 a prime number?
False
Is 63121242487 prime?
False
Is 38319289 composite?
True
Is 185582153 prime?
False
Is 85261843463 a composite number?
False
Is 448246829 a prime number?
True
Is 67082043521 prime?
False
Is 198949697 composite?
False
Is 28677983 prime?
False
Is 555524083 composite?
True
Is 179324017 a prime number?
True
Is 18218999431 prime?
True
Is 172203023357 a prime number?
True
Is 4111358977 a prime number?
False
Is 259073457 prime?
False
Is 797827883 a prime number?
True
Is 3101590927 a prime number?
True
Is 32262697199 composite?
False
Is 2093654551 a composite number?
False
Is 884441017 a composite number?
True
Is 9837792739 a composite number?
False
Is 98372995859 a composite number?
True
Is 49402537213 a composite number?
False
Is 2200970011 composite?
False
Is 2951202377 prime?
True
Is 16703508847 a composite number?
False
Is 372704987 composite?
True
Is 1424425063 composite?
True
Is 1450225589 a composite number?
False
Is 1317202763 a prime number?
False
Is 29989576057 a prime number?
False
Is 2212112473 a prime number?
False
Is 322773371 a composite number?
True
Is 1165074353 a prime number?
True
Is 25370295497 a prime number?
True
Is 3884417387 prime?
True
Is 4150253297 a prime number?
False
Is 9062926183 prime?
False
Is 8949786529 composite?
False
Is 621132167 composite?
False
Is 43108171081 composite?
True
Is 4240498811 a prime number?
True
Is 58416031 prime?
False
Is 16640322269 prime?
True
Is 47301328621 prime?
False
Is 5800452257 a prime number?
False
Is 612198853 prime?
False
Is 32012127839 a composite number?
False
Is 18923553317 a prime number?
False
Is 75692322583 a composite number?
False
Is 1397810291 a composite number?
True
Is 309995407 a prime number?
True
Is 6585674977 prime?
False
Is 200650295 prime?
False
Is 11302457383 a composite number?
True
Is 17771211103 a prime number?
False
Is 4152079567 prime?
True
Is 2559676269 a composite number?
True
Is 8531742953 a composite number?
True
Is 1927498579 prime?
False
Is 17961516623 composite?
False
Is 1261356329 a composite number?
False
Is 1839527477 prime?
False
Is 1024219631 composite?
False
Is 210657191 a composite number?
False
Is 149289587 a composite number?
False
Is 406416259 prime?
True
Is 12272692079 a prime number?
False
Is 85294781051 a prime number?
True
Is 3243958769 composite?
True
Is 1776276031 composite?
False
Is 155068316131 a composite number?
False
Is 2808350983 composite?
False
Is 69303870569 prime?
True
Is 37521244121 a composite number?
True
Is 92633687 composite?
False
Is 209941863 composite?
True
Is 395142359 a prime number?
True
Is 2284853 a prime number?
False
Is 67711260503 composite?
False
Is 9209958473 prime?
True
Is 45488002697 composite?
False
Is 7882475233 a composite number?
True
Is 49957279357 composite?
True
Is 1020342797 composite?
False
Is 2498154367 a composite number?
True
Is 1437031243 composite?
False
Is 806207039 composite?
True
Is 1079330201 a composite number?
True
Is 8224651163 prime?
False
Is 1310346391 composite?
False
Is 13307790521 prime?
True
Is 50387485927 a prime number?
True
Is 3590831501 a prime number?
True
Is 23047701739 a prime number?
True
Is 6499672913 composite?
True
Is 10458755763 composite?
True
Is 3901011605 a prime number?
False
Is 1231473413 a prime number?
True
Is 57856626547 composite?
False
Is 6359340049 a composite number?
True
Is 32416719199 composite?
False
Is 388701151 a composite number?
True
Is 169329295 prime?
False
Is 1446509461 prime?
False
Is 645183041 a prime number?
False
Is 737625331 composite?
False
Is 35374791 composite?
True
Is 835750919 composite?
True
Is 54074842417 a composite number?
False
Is 468511669 a composite number?
True
Is 4187159971 a prime number?
True
Is 3984769121 a composite number?
False
Is 16566246101 a prime number?
False
Is 13695848219 prime?
True
Is 7552071349 a composite numbe